78)). Calculate the highest common divisor of d and 528.
48
Suppose 99*w = 134*w - 595. Calculate the greatest common factor of w and 140.
1
Let n be (-24)/(-4) + -4 + 7. Let x be (n + 936/(-60))/(2/(-90)). Calculate the highest common factor of x and 33.
33
Suppose 17*z + 29*z = -14*z + 193320. What is the greatest common divisor of 36 and z?
18
Let c(k) = -k**2 - 19*k - 47. Let j be c(-13). Suppose -3*v + 1705 = 2*v. What is the greatest common divisor of j and v?
31
Let x(u) = 15*u + 2082. Let l be x(26). Calculate the highest common divisor of 48 and l.
24
Suppose -9 = -22*o + 25*o, -2*t = 24*o - 68220. Calculate the greatest common factor of 14 and t.
14
Suppose -68*i + 95256 = -32*i. What is the highest common divisor of 54 and i?
54
Let v = 1204 + -54. Calculate the highest common factor of 35 and v.
5
Suppose -10*j + 80 = 6*j. Suppose -3*s - 203 = -4*p + 113, -4*p + 348 = j*s. Calculate the highest common factor of p and 205.
41
Let i be (-2)/(-10) - (-114)/5. Let g(t) = t**3 - 21*t**2 - 45*t - 21. Let h be g(i). What is the greatest common factor of 16 and h?
2
Let d be 2420/66*414/15. Calculate the greatest common divisor of 66 and d.
22
Let l = 772 - 169. What is the highest common divisor of l and 36?
9
Let m = -153 + 174. Suppose 558 = m*n - 2970. Suppose 336 = 3*k + d, 2*k - 298 = -d - 74. What is the highest common divisor of n and k?
56
Let q be 3/(-8) + (-1)/((-64)/(-23272)). Let u = q + 365. What is the highest common divisor of 71 and u?
1
Let i = -16279 + 17269. Calculate the highest common factor of 810 and i.
90
Suppose 6*p = -2*c + 5*p + 920, 3*c + 4*p - 1380 = 0. Suppose -c = 106*f - 129*f. What is the greatest common factor of f and 70?
10
Let l(r) = 39*r**3 - 3*r + 2. Let h be l(1). Suppose 3*z + h = n + 2*z, 3*z = 4*n - 154. Calculate the highest common divisor of 320 and n.
40
Let a(y) = 22*y**2 + 25*y + 24. Let h be 2/1*9/(-18). Let b be a(h). What is the greatest common divisor of 9 and b?
3
Let q = -871 + 889. What is the greatest common factor of 264 and q?
6
Suppose 0 = -24*o + 2843 + 2883 + 7378. Calculate the highest common factor of o and 126.
42
Let i = -9060 + 9213. What is the highest common factor of i and 252?
9
Suppose -m = -k - 316, -m - 111*k + 104*k + 364 = 0. Calculate the highest common factor of m and 266.
14
Suppose 3*r + 254 = 6*r - 802. Calculate the highest common factor of 11 and r.
11
Let u = -8729 - -8791. What is the highest common divisor of 7874 and u?
62
Suppose -b - 252 = -43*b. What is the highest common divisor of 1068 and b?
6
Suppose 0 = 5*c - 1839 - 311. Calculate the highest common factor of 40 and c.
10
Suppose 4233*p - 4234*p = -41. What is the highest common divisor of 4387 and p?
41
Suppose t + 46 = -w, 2 = -t + 1. Let q(b) = -b**3 - 46*b**2 - 47*b - 42. Let c be q(w). Calculate the highest common divisor of c and 240.
48
Suppose -5*g = -k + 6*k - 35, -4*g - 2*k = -34. Let a be (-43)/(-5) + 3*g/75. Suppose 0 = 11*n - 1076 - 607. What is the greatest common factor of n and a?
9
Suppose c = 4*f + 28, -4*c - 472 + 554 = -f. Calculate the greatest common divisor of c and 4010.
10
Suppose 4*h - 5*z - 31 = 246, 3*h - 5*z = 209. Let i be 4/(12/9) - -14. Calculate the highest common factor of i and h.
17
Let u be (-10821)/(-12) + ((-625)/60 + 10)*-3. What is the greatest common factor of u and 4128?
129
Let x be 190/(-76)*19596/(-10) - 1. Calculate the highest common divisor of 62 and x.
62
Let m(s) = -3*s - 5. Let k(w) = 5*w + 6. Let x(a) = -5*k(a) - 4*m(a). Let y be x(3). Let j = 81 + y. Calculate the greatest common divisor of 16 and j.
16
Let m = 11 + 24. Suppose 0 = -j + 8*j - m. Suppose n = -s + 110, -s + 80 = -0*s - j*n. What is the greatest common divisor of 42 and s?
21
Let w(j) be the second derivative of 7*j**4/12 - j**3/3 - 9*j**2/2 + 2*j + 195. Let p be w(-5). Calculate the greatest common factor of 66 and p.
22
Suppose -322*z + 15769 = -11279. Let q(d) = d**3 - d**2 + 18. Let o be q(0). What is the greatest common factor of z and o?
6
Let m = -65 + 96. Suppose 3*j - m - 98 = 0. Suppose 4*z + j - 271 = 0. Calculate the greatest common factor of 19 and z.
19
Let c = 106 - -92. Suppose 2*z + c = 8*z. What is the greatest common factor of z and 3?
3
Let t = 81 + -86. Let p(o) = o**3 + 3*o**2 - 15*o + 11. Let x be p(t). Calculate the greatest common divisor of 156 and x.
12
Let i = 44 + -17. Let n be i/4 - (-1)/4. Suppose -r = -x + 54 - 85, -5*r + 191 = 4*x. What is the greatest common divisor of n and r?
7
Let x(l) = l**2 - 5*l + 33. Let q be x(11). Suppose -121 - q = -20*b. Suppose -4*m + 55 = -3*m. What is the greatest common divisor of m and b?
11
Let t = -217 - -237. Suppose 0 = -r + 3*l - 13, -5*r + 0*l - 2*l = 14. Let m be ((-32)/20)/(r/10). What is the highest common divisor of t and m?
4
Let k be 8/2*858/(-52). Let q = k + 205. Suppose 3*r + q + 185 = 5*z, z - 3*r = 72. What is the highest common divisor of z and 9?
9
Let l(o) = 3*o + 38. Let y be l(-3). Suppose y*v - 68 = 27*v. Calculate the highest common divisor of v and 153.
17
Suppose 3*u - 2*x = -u + 1090, x = -4*u + 1099. Let t = u - -5. What is the highest common divisor of 62 and t?
31
Let k = -68 + 70. Suppose -3*z + 5*a + 95 + 98 = 0, -k*z + 128 = -3*a. Suppose -5*q + z = 46. What is the greatest common divisor of q and 12?
3
Let d = 225 + -324. Let f = d - -118. Calculate the greatest common divisor of 209 and f.
19
Suppose 0 = -3*y + 4*o + 2375, -12*y - 5*o - 3955 = -17*y. Calculate the highest common divisor of 6 and y.
3
Suppose 5*i + 3*n - 20 - 15 = 0, 21 = 3*i + 3*n. Suppose -i*j + 230 = -421. Suppose 33 = 2*m - j. What is the greatest common divisor of 7 and m?
7
Suppose -x - 2*n = -38, 2*x + 15*n - 59 + 16 = 0. Calculate the highest common factor of 143 and x.
11
Let f be (0 - 1)/(4/16). Let h be f/6*(7 - -53). Let z = h + 43. Calculate the greatest common factor of 15 and z.
3
Let s be ((-4)/(-7))/((-58)/(-203)). Let a be s - (-1532)/(0 + 4). What is the highest common divisor of 35 and a?
35
Let l = 71 + -39. Let c = 37 - l. Suppose -4*o - 60 = -2*p, c*o + 128 - 3 = 5*p. Calculate the highest common divisor of 50 and p.
10
Let c = 403 + -356. Let o = 1606 - -979. Suppose 4*d + d - o = 0. What is the highest common divisor of d and c?
47
Let b = -1385 + 1483. Calculate the highest common factor of b and 2.
2
Let l = -8835 + 8839. Let z be (20/6)/((-1)/(-3)). Suppose -168 = -z*m + l*m. Calculate the greatest common factor of 14 and m.
14
Let b(o) = 9*o**3 + 5*o**2 - o - 6. Let w be 2*(-5 - -3) - 30/(-5). Let t be b(w). What is the greatest common factor of 56 and t?
28
Suppose 6*u + 2*u = 1736. Suppose 0 = 10*y - u - 313. What is the greatest common factor of 53 and y?
53
Let p(h) = -60*h - 138. Let o be p(-4). What is the greatest common divisor of 42 and o?
6
Suppose 2*m = -3*m - m + 54444. What is the highest common divisor of 26 and m?
26
Suppose 5*a + 3*r + 108 = 628, 5*a = -5*r + 520. Let z = a + -55. Let g = 545 - 538. Calculate the highest common divisor of g and z.
7
Let o = 3662 - 2696. Calculate the greatest common factor of 690 and o.
138
Let b = -32033 - -32045. Let q = -19 + 5. Let y = 16 - q. Calculate the greatest common divisor of b and y.
6
Suppose 91*i = 1762 + 4062. Let s = -99 + 323. What is the highest common divisor of i and s?
32
Let r be ((-77)/2)/(2/(-4)). Suppose m - 3*i - 17 = 0, 36*i - 37*i - 2 = 0. Calculate the greatest common divisor of m and r.
11
Let a = 260 + -188. Let f(q) = q + 17. Let x be f(7). Calculate the greatest common divisor of a and x.
24
Let l = -43 - -47. Let u be l*(5/(-3))/(2/(-24)). Let w be 20/(4/4*2). Calculate the greatest common divisor of w and u.
10
Let f(b) = 619*b + 649. Let v be f(-1). Let a = 906 + -621. Calculate the highest common divisor of v and a.
15
Suppose -4*x - 4*b = -1888, 601 + 1279 = 4*x + 2*b. Suppose -40*f + x = -f. Calculate the highest common factor of f and 102.
6
Suppose -350 - 10 = -9*z. Calculate the highest common divisor of 155 and z.
5
Suppose -23*d - d + 312 = 0. Calculate the highest common factor of d and 637.
13
Let t = 14408 + -13275. What is the highest common factor of t and 165?
11
Let w = -2903 + 3447. Calculate the highest common divisor of 17 and w.
17
Let w(y) = -2*y**2 + 32*y - 94*y + 13*y**2. L